{"id":1529,"date":"2016-08-25T16:08:05","date_gmt":"2016-08-25T15:08:05","guid":{"rendered":"http:\/\/www.datasikkerhetsboka.no\/blogg\/?page_id=1529"},"modified":"2016-08-25T16:08:05","modified_gmt":"2016-08-25T15:08:05","slug":"omtale-av-boka-fra-itavisen-no","status":"publish","type":"page","link":"https:\/\/www.datasikkerhetsboka.no\/blogg\/omtale-av-boka-fra-itavisen-no\/","title":{"rendered":"Omtale av boka fra itavisen.no"},"content":{"rendered":"<div class=\"813acece54f667675f79a7bb27432ad9\" data-index=\"1\" style=\"float: none; margin:10px 0 10px 0; text-align:center;\">\n<script async src=\"\/\/pagead2.googlesyndication.com\/pagead\/js\/adsbygoogle.js\"><\/script>\r\n<!-- annonser - blogg -->\r\n<ins class=\"adsbygoogle\"\r\n     style=\"display:block\"\r\n     data-ad-client=\"ca-pub-3643033126981971\"\r\n     data-ad-slot=\"5209152447\"\r\n     data-ad-format=\"auto\"><\/ins>\r\n<script>\r\n(adsbygoogle = window.adsbygoogle || []).push({});\r\n<\/script>\n<\/div>\n<h1>Gi denne boka til noen som er en fare for seg selv p\u00e5 nett<\/h1>\n<p class=\"excerpt\">\u00abDatasikkerhet\u00bb tar deg p\u00e5 alvor.<\/p>\n<p>Nettet flommer over av\u00a0farer og skadelig programvare \u2013 det er ikke bare bare \u00e5 unng\u00e5 dem alle.<\/p>\n<p><strong>Datasikkerhet<\/strong><br \/>\nDet er her boka til\u00a0Tom Heine N\u00e4tt\u00a0og Christian F. Heide, fra Gyldendal forlag, kommer inn.<\/p>\n<p><a href=\"http:\/\/www.gyldendal.no\/Faglitteratur\/Ingenioerfag\/Data\/Datasikkerhet\">Datasikkerhet<\/a> er det\u00a0selvforklarende navnet p\u00e5 boka som vi tror vil gavne alle med liten eller ingen kunnskap til nettsikkerhet, men ogs\u00e5 de som har v\u00e6rt p\u00e5 nett noen \u00e5r.<\/p>\n<p>Boka\u00a0er en ganske massiv\u00a0trykksak p\u00e5 over tre hundre sider, men den er s\u00e6rdeles grundig og systematisk.\u00a0Dette er langt fra noen\u00a0pamflett.<\/p>\n<p><b>Oversiktlig<\/b><br \/>\nI bunn og grunn\u00a0handler den om hvordan du og jeg kan bruke v\u00e5re ulike dataverkt\u00f8y p\u00e5 en trygg og sikker m\u00e5te, utenfor rekkevidde for hackere og andre lugubre personer.<\/p>\n<p>Den har alts\u00e5 som m\u00e5l \u00e5 bevisstgj\u00f8re leseren om n\u00f8dvendig digital-sikkerhet og datakriminalitet.<\/p>\n<p><em>Selv om boka er omfattende, er den samtidig\u00a0oversiktlig og tematisk inndelt, s\u00e5 her kan en g\u00e5 inn og ut, alt etter hvilket stoffomr\u00e5de som m\u00e5tte v\u00e6re av interesse.<\/em><\/p>\n<p><strong>Finn ut av nettet med boka som hjelp<\/strong><br \/>\nInnholdet vil vi mene er\u00a0tilgjengelig for de fleste av oss, selv om en del av stoffet krever noe mere datakunnskap enn hva gjennomsnittspersonen har. Det er fint, det, for da har man noe \u00e5 vokse p\u00e5 sammen med boka.<\/p>\n<p>Den er nok mer myntet p\u00e5 hjelp til selvhjelp enn det \u00e5 gi en detaljert beskrivelse av hva vi skal gj\u00f8re, eller ikke gj\u00f8re, i en hver situasjon. <em>Boka pr\u00f8ver \u00e5 l\u00e6re oss \u00e5 tenke selv, \u00e5 bli oppmerksom p\u00e5 farene<\/em>. Det er smart, for\u00a0trender og trusler forandrer seg jo konstant.<\/p>\n<p>Bakerst i boka finner du en ordliste for litt mer tekniske begreper og et stikkordregister<\/p>\n<p>F\u00f8ler du deg litt usikker n\u00e5r du er p\u00e5 nett og frykter angrep, s\u00e5 vil trolig Datasikkerhet\u00a0v\u00e6re til help.<\/p>\n<p>Dessuten,\u00a0kjenner du noen som \u00abstadig\u00bb blir fralurt passord, s\u00e5 kan dette v\u00e6re en passende presang.<\/p>\n<p>Originalpost p\u00e5<a href=\"http:\/\/itavisen.no\/2016\/02\/17\/gi-denne-boka-til-noen-som-er-en-fare-for-seg-selv-pa-nett\/\"> itavisen.no<\/a><\/p>\n<p>&nbsp;<\/p>\n<!--CusAds0-->\n<div style=\"font-size: 0px; height: 0px; line-height: 0px; margin: 0; padding: 0; clear: both;\"><\/div>","protected":false},"excerpt":{"rendered":"<p>Gi denne boka til noen som er en fare for seg selv p\u00e5 nett \u00abDatasikkerhet\u00bb tar deg p\u00e5 alvor. Nettet flommer over av\u00a0farer og skadelig programvare \u2013 det er ikke bare bare \u00e5 unng\u00e5&#46;&#46;&#46;<\/p>\n","protected":false},"author":3,"featured_media":0,"parent":0,"menu_order":0,"comment_status":"closed","ping_status":"closed","template":"","meta":{"footnotes":""},"class_list":["post-1529","page","type-page","status-publish","hentry"],"aioseo_notices":[],"jetpack_sharing_enabled":true,"_links":{"self":[{"href":"https:\/\/www.datasikkerhetsboka.no\/blogg\/wp-json\/wp\/v2\/pages\/1529","targetHints":{"allow":["GET"]}}],"collection":[{"href":"https:\/\/www.datasikkerhetsboka.no\/blogg\/wp-json\/wp\/v2\/pages"}],"about":[{"href":"https:\/\/www.datasikkerhetsboka.no\/blogg\/wp-json\/wp\/v2\/types\/page"}],"author":[{"embeddable":true,"href":"https:\/\/www.datasikkerhetsboka.no\/blogg\/wp-json\/wp\/v2\/users\/3"}],"replies":[{"embeddable":true,"href":"https:\/\/www.datasikkerhetsboka.no\/blogg\/wp-json\/wp\/v2\/comments?post=1529"}],"version-history":[{"count":1,"href":"https:\/\/www.datasikkerhetsboka.no\/blogg\/wp-json\/wp\/v2\/pages\/1529\/revisions"}],"predecessor-version":[{"id":1530,"href":"https:\/\/www.datasikkerhetsboka.no\/blogg\/wp-json\/wp\/v2\/pages\/1529\/revisions\/1530"}],"wp:attachment":[{"href":"https:\/\/www.datasikkerhetsboka.no\/blogg\/wp-json\/wp\/v2\/media?parent=1529"}],"curies":[{"name":"wp","href":"https:\/\/api.w.org\/{rel}","templated":true}]}}